common divisor of 1 and g?
1
Let k(h) be the first derivative of -h**3/3 - h**2/2 + 72*h + 7. Let m be k(0). Calculate the highest common factor of m and 9.
9
Let q = 3 - -1. Suppose q*b - 160 = -4*k, 4*k = b + 2*b + 181. Suppose k = y - 69. Calculate the greatest common divisor of 14 and y.
14
Suppose 2*g = -5*l - 5*g + 43, -2*l - 4*g + 22 = 0. Let w = -1 - -4. Calculate the greatest common factor of l and w.
3
Suppose 0 = -0*w - 2*w - b - 39, 2*b = 2*w + 42. Let f be 18 - 8/w*-5. Let z be (-50)/(-3) - 2/3. Calculate the greatest common divisor of z and f.
16
Suppose 0 = s - 7 - 6. Suppose -5*o + 7 = -s, -4*o + 24 = g. What is the highest common factor of 32 and g?
8
Let y = -25 + 74. Calculate the highest common factor of y and 7.
7
Suppose -5*n - 15 = 0, -v - 85 = -2*v + 5*n. Let m = -76 + 86. Calculate the greatest common divisor of v and m.
10
Suppose 2 - 12 = -5*a. Suppose 5*r + a*j - 168 = 0, -3*r - 4*j = -6*r + 80. Let c = -17 + r. Calculate the greatest common divisor of 10 and c.
5
Suppose -6*d + d + 60 = 0. What is the highest common divisor of 12 and d?
12
Let u(p) = -p**3 - 2*p**2 + p + 1. Let g be u(-2). Let h be 38/8 + g/(-4). What is the greatest common divisor of h and 10?
5
Let h be (-4)/(-14) + 166/7. What is the greatest common divisor of 168 and h?
24
Let w(u) = u**3 + 2*u**2 - 3*u + 5. Let v be w(-4). Let o = -11 - v. Suppose o*f + 0*f = 120. Calculate the greatest common factor of 12 and f.
6
Let s(j) = 2*j**2 - 5*j - 28. Let i be s(-8). What is the highest common divisor of 56 and i?
28
Let k(o) = 14*o**3 - o - 1. Let c be k(-1). Let a be (-2)/3*189/c. Let t(s) = s**2 + 2*s - 5. Let v be t(-4). What is the highest common divisor of v and a?
3
Let w(u) = -u**2 - 10*u + 18. Let d be w(-9). Calculate the highest common divisor of 27 and d.
27
Let i be 3 + 1 - 1 - -65. Calculate the highest common divisor of i and 102.
34
Suppose 0 = 4*m - 2*a + 50, 0 = 7*m - 4*m + 4*a + 65. Let y be 2/6 + (-175)/m. Calculate the greatest common factor of y and 3.
3
Let l = -6 - -4. Suppose 2*o + 61 = 5*u - 69, 5*o = 2*u - 52. Let w be u/(-4)*l + 1. What is the greatest common divisor of 56 and w?
14
Let q(l) = -l + 2. Let f be q(-3). Suppose 0 = -f*v + 4*v + 104. What is the highest common factor of 13 and v?
13
Let k(f) be the first derivative of 23*f**2/2 + 3*f - 3. Let o be k(3). Calculate the highest common divisor of 12 and o.
12
Let q(y) = -y**3 - 5*y**2 - 3*y - 4. Let s be q(-4). Let a = s + 8. Let v = a - -26. Calculate the highest common divisor of 39 and v.
13
Suppose 3*d = 4*q - 177, -4*q + 176 = -3*d - d. Let c be (5 + 15)*(-1)/(-4). What is the highest common divisor of c and q?
5
Let d = 33 - -15. What is the greatest common factor of d and 72?
24
Let b(q) = q**3 - 5*q**2 - 5*q + 8. Let p be b(6). What is the greatest common divisor of p and 14?
14
Suppose -4*r = -3*r. Suppose r*y - 44 = -3*y - 2*o, 3*o = 4*y - 53. What is the highest common factor of y and 2?
2
Let i be 0/(6/(-2)) - 0. Let g be i - -1 - (-5 + 1). Let d(p) = 2*p**2 - 8*p + 5. Let n be d(g). What is the greatest common divisor of 120 and n?
15
Let r(m) = -131*m - 5. Let i be r(-1). Calculate the highest common factor of i and 14.
14
Let j = -65 + 97. Suppose 2*h + 0*y = y + 96, -5*h + y = -240. What is the highest common factor of h and j?
16
Let k be ((-4)/4)/((-3)/255). Suppose 0 = 2*f + f - 102. Calculate the highest common factor of k and f.
17
Suppose 2*q + 73 = 265. Calculate the highest common divisor of q and 24.
24
Suppose 5*r = 428 + 67. What is the highest common divisor of 33 and r?
33
Suppose -4*c = 142 - 38. Let q be 37/2*(-1 - 3). Let i = c - q. What is the highest common factor of 12 and i?
12
Let j = -12 - -36. Suppose 4*y - 143 = -3*c + 88, -5*y - 5*c = -285. Calculate the highest common factor of j and y.
12
Let y(i) = 7*i + 7. Suppose -3*u + h + 22 = 0, -2*u - 4*h = -3*u. Let a be y(u). What is the greatest common divisor of 7 and a?
7
Suppose -5*u + d + 360 = 0, -4*u + 0*d + 288 = 4*d. What is the highest common divisor of 9 and u?
9
Let a = -2 - -53. What is the highest common factor of 408 and a?
51
Let t(c) = 2*c**2 + 2*c + 3. Let u be t(-2). Suppose -4*w = 3*x - 48, w = 5*x - x - u. Let i = 229 + -157. What is the greatest common factor of w and i?
9
Suppose 60 + 5 = j + 5*k, 3*j = k + 115. What is the greatest common divisor of 16 and j?
8
Suppose 0 = 4*r + 2 + 2. Let a be 1*(28 - 3 - r). Calculate the highest common divisor of 39 and a.
13
Let j be (-18)/81 - 148/(-18). Let k be j + 3*(2 + -3). Let y be 4 - k - (-20 - -2). What is the greatest common divisor of 85 and y?
17
Let t = 3 + 27. What is the greatest common divisor of 15 and t?
15
Suppose 4*y = 5*y - 19. What is the highest common divisor of 133 and y?
19
Let w(x) = -x**3 + 4*x**2 + 6*x - 2. Let a be w(5). Suppose -o = -t + a*t + 5, 4*t + 12 = 0. What is the highest common divisor of o and 11?
1
Let v be -1*(4 - (-3)/(-3)). Let l = 9 - v. Suppose -5*p - 3*x + 53 = -15, -p = x - l. What is the highest common factor of 8 and p?
8
Suppose 6*v = 3*v + 36. Let l be ((-2)/(-3))/(2/v). Suppose 8 = 5*s + t - 35, -l*t = -12. Calculate the greatest common divisor of 8 and s.
8
Let c be 31 - -1 - (14 + -12). Calculate the highest common divisor of 6 and c.
6
Let x(f) = -10*f + 4. Let g be x(5). Let w = g + 67. Suppose 2*l - 2*z = 14, 0 = 2*l - 6*z + 3*z - 18. Calculate the greatest common divisor of l and w.
3
Suppose 8*a - 3*a = -55. Let d be (-2)/a + (-174)/(-11). Calculate the highest common divisor of d and 64.
16
Let r be 3/(-8) - 1484/(-32). Calculate the greatest common factor of r and 115.
23
Suppose 0 = -2*s + 4*x + 829 - 221, s + 5*x - 318 = 0. Calculate the highest common divisor of s and 28.
28
Let f = 1 + 11. What is the highest common divisor of f and 96?
12
Let g(v) = -12*v + 3. Let z be g(-8). What is the highest common divisor of 9 and z?
9
Let r = 93 - 57. Calculate the greatest common factor of r and 180.
36
Let t be (-1 - 2 - -107)*2. Calculate the highest common factor of 26 and t.
26
Let t be 3/((-5)/1870*-6). What is the highest common factor of 17 and t?
17
Suppose -20 = m - 2*p, 3*m - p + 22 = -23. Let r = m - -18. Calculate the greatest common factor of 10 and r.
2
Let p = -61 - -87. Calculate the greatest common factor of p and 234.
26
Let d = -5 - -11. Suppose -4*z = -34 + 10. What is the highest common divisor of d and z?
6
Suppose -a = a - 48. Suppose 0 = -3*b + 2*g + 18, 2*b + 2*b - 5*g = a. What is the highest common factor of 2 and b?
2
Let d = 9 - 18. Let a = d + 11. Calculate the highest common divisor of 14 and a.
2
Let n be (1/((-1)/1))/1. Let a be (-22*n/2)/1. Suppose -5*x = -390 - 50. What is the highest common divisor of x and a?
11
Let k(m) = m**2 - 2*m - 1. Suppose -3*x + 4*x - 6 = -o, 3*o = -5*x + 24. Let d be k(o). What is the highest common factor of 14 and d?
2
Let t(v) = -v**3 + 2*v**2 + 5*v - 3. Let l be t(3). Let d be (-2)/(l/(-6*1)). Suppose w - 26 = d. Calculate the greatest common factor of w and 6.
6
Let y = -82 + 105. What is the highest common divisor of y and 115?
23
Let y = -23 + 26. What is the highest common factor of y and 2?
1
Suppose -4*x - 12 = 5*z + 7, 26 = -2*z + 3*x. Let g = z + 14. Let b(y) = -y**3 - 3*y - 1. Let q be b(-3). Calculate the greatest common factor of q and g.
7
Let v = 128 - 106. What is the highest common divisor of 132 and v?
22
Suppose 63 = -g - 2*s, -g + 0*g = 5*s + 63. Let n = -45 - g. What is the highest common factor of n and 18?
18
Let w be (-366)/(-18) + (-3)/9. What is the greatest common divisor of 4 and w?
4
Suppose 1 = 3*r - 5. Suppose -b + 17 = r. Suppose 5*s + 4*u = 541, 5*s + u = s + 424. Calculate the greatest common divisor of b and s.
15
Let m(i) = i**3 + 14*i**2 + 7*i - 1. Let q be m(-13). Calculate the highest common divisor of 11 and q.
11
Let n be (-1 - 3*-2) + -2. Let r(d) = 0*d + 11*d + 4*d + 5*d. Let k be r(n). Calculate the highest common divisor of k and 40.
20
Let h(v) = 2*v**3 - 3*v**2 - 4*v. Let j be h(3). Let q = 36 - 26. What is the highest common divisor of q and j?
5
Suppose 4*g - 5*v - 288 = 0, 2*v + 0*v = -2*g + 144. Calculate the highest common divisor of g and 54.
18
Let r(n) = 14*n - 10. Suppose 20 = 2*b - b. Let i = b + -13. Let d be r(i). What is the highest 